?
2, 3, 5
Let w(o) = 3*o + 48. What are the prime factors of w(3)?
3, 19
Let r(h) be the second derivative of h**4/12 - h**3 + h**2/2 - 5*h. Let d be r(8). Let m = -15 + d. What are the prime factors of m?
2
Suppose 2*n + 29 - 165 = 0. Suppose c + 4*t - 20 = -3*c, -c + 5*t - 25 = 0. List the prime factors of -3*(n/(-12) - c).
17
Suppose 4*a + 43 - 131 = 0. What are the prime factors of (-3940)/(-110) - (-4)/a?
2, 3
Let p be (-6)/4*12/(-9). Suppose 0 = -b + 3*y + p, 5*b - 103 = -4*y + 2. List the prime factors of b.
17
Suppose -4*g - 1368 = -2*g - 3*k, -3*g = 4*k + 2052. List the prime factors of (14/21)/((-2)/g).
2, 3, 19
Let j = 63 + -23. Suppose -3*a + 3*z + 13 = 4*z, -2*a + 16 = -3*z. Suppose -4*y - 5*d = -24, y - d = a*y - j. What are the prime factors of y?
11
Suppose 0 = -2*z + 3*w + 1846, 17*z - 928 = 16*z - w. What are the prime factors of z?
2, 463
Let f = 75 + -77. What are the prime factors of (-3)/(f/((-472)/(-4)))?
3, 59
Suppose -4*o - 2*g + 512 = 0, -13*g + 11*g - 268 = -2*o. List the prime factors of o.
2, 5, 13
Let i = 1395 + 232. List the prime factors of i.
1627
Suppose 4*f + 2*c = 8, -5*f + 10 = -2*c + 4*c. Suppose 3*m - 4*d = 142, d = 2*m - f*d - 94. Let t = m - 1. List the prime factors of t.
7
Let b(k) = -2*k**3 - 2*k**2 - 9*k + 6. List the prime factors of b(-5).
251
Let g be ((-9)/2 - -4)*-12. Let b be 14/g - 1/3. Suppose -3*i - b*j + 32 = 0, i = j + 2*j + 29. List the prime factors of i.
2, 7
Suppose d + 0 = 5. Let q be 2 - -2 - d*-7. Let m = q + -9. List the prime factors of m.
2, 3, 5
Suppose -3*z - 6193 = -3*k - k, 3*k - 4*z = 4636. List the prime factors of k.
2, 97
List the prime factors of (-4004)/(-26) + (2 - 0).
2, 3, 13
Let q be -9 + 377 - (1 + -4)*-1. Let a = -155 + q. List the prime factors of a.
2, 3, 5, 7
Let r = -46 - 68. Let a = 106 - r. List the prime factors of a.
2, 5, 11
Let x = 696 - -202. List the prime factors of x.
2, 449
Suppose -24*b = -8422 - 1562. List the prime factors of b.
2, 13
Let w(i) = i**3 - 7*i**2 + i - 6. Let m be w(7). Let j(x) be the third derivative of x**5/60 + x**4/24 + x**2. What are the prime factors of j(m)?
2
Let d = -2669 - -3746. What are the prime factors of d?
3, 359
Suppose 45 = 2*p - 419. List the prime factors of p.
2, 29
Let f = 22 - 18. Let b be -2 - 186/f*-4. Suppose 4*r + 24 = -3*l + 162, r - b = -4*l. What are the prime factors of l?
2, 23
Let d = 9 - 20. Let m be 2/10 + (-316)/(-20). Let c = m + d. List the prime factors of c.
5
Suppose -4*q + 51 = -229. Suppose 0 = -5*k + 390 + q. List the prime factors of k.
2, 23
Suppose -5*b + 2*y = 423 - 2578, 0 = 3*b - y - 1292. What are the prime factors of b?
3, 11, 13
Suppose -3*i + 3*g = 0, -i - 2*g = -0*i. Suppose -2*r + 2*m = -0*r - 14, -m - 2 = i. Suppose r*d - 152 = 18. What are the prime factors of d?
2, 17
Suppose 3*w - 4 = -5*p, 7 = -0*p + 2*p + 3*w. Let q(s) = -s**2 + 6*s + 6. Let f be q(5). List the prime factors of p/((1/f)/(-1)).
11
Let r(m) = 49*m**3 + m**2 + 1. Let c be r(-1). Let u = -23 - c. Suppose -2*g + 80 + u = 0. List the prime factors of g.
2, 13
Let c(d) be the third derivative of -11*d**4/24 + d**3/6 + 8*d**2. Let b be c(-1). Suppose 4*m + b = 0, 2*l + m + 168 = 7*l. What are the prime factors of l?
3, 11
Let j(a) = -3*a + 21. Let i be j(12). Let z(x) = x**3 + 16*x**2 + 6*x - 24. What are the prime factors of z(i)?
3, 37
Let q(u) = 346*u**3 - u**2 + 5*u - 5. What are the prime factors of q(2)?
3, 13, 71
Suppose 2*x + 2*f = 3*x - 142, f = -1. Let v = 221 - x. Suppose -3*h = 3*s - v, 4*h + 7 = 2*s - s. What are the prime factors of s?
23
Let q(b) = 6*b**2 + 3*b - 52. List the prime factors of q(-11).
641
Suppose 8*j = 4*j + 1880. What are the prime factors of j?
2, 5, 47
List the prime factors of 11/(2/294*3).
7, 11
Let s(a) = 4 - 3*a**3 + 5 + 4*a**3 - 2 + 12*a**2 - 14*a. List the prime factors of s(-13).
2, 5
Let o(w) = w**2 + 5*w + 4. Let x be o(-4). Let s be (6/8)/((-2)/(-8)). Suppose x*j = s*j - 21. List the prime factors of j.
7
What are the prime factors of (747/27)/((-1)/324*-4)?
3, 83
Let i be -132 - (-3 + 4 + (3 - 7)). Let y = i + 318. List the prime factors of y.
3, 7
Let u = 377 + 726. List the prime factors of u.
1103
Suppose -3*d - 23 = 4*n - 3*n, d - 53 = 4*n. Let v be 1081/161 - 4/n. Suppose 233 = v*q - 19. What are the prime factors of q?
2, 3
Let j(p) = 2*p. Let y be j(6). Suppose -y*z - 8 = -14*z. What are the prime factors of 46 - (4 - 20/z)?
47
Suppose 0 = -5*a + 4 + 6, 5*a = -4*z + 66. Suppose 136 = 3*t - z. What are the prime factors of t?
2, 5
Let o(w) = 15*w - 12. Let x(q) = -q + 1. Let s(u) = -o(u) - 5*x(u). Let a be s(-5). Suppose 2*b - b - a = 0. List the prime factors of b.
3, 19
List the prime factors of 3 + (-4)/(32/(-2488)).
2, 157
Let s(r) = 10*r**2 + 2*r - 9. List the prime factors of s(4).
3, 53
What are the prime factors of (-1409)/(-9)*3 + (-3)/(-9)?
2, 5, 47
Let t(y) = -y**2 + 3*y + 4. Let f be t(4). Suppose -2*p + 5 + 1 = f. Suppose 0 = -p*j - 0*j + 66. List the prime factors of j.
2, 11
Let m(z) = 10*z**2 + 11*z - 96. What are the prime factors of m(18)?
2, 3, 557
Suppose -5*a + 9*k - 10*k + 3391 = 0, 2*k - 3392 = -5*a. List the prime factors of a.
2, 3, 113
Let u(t) = 1487*t**2 - 3*t - 3. What are the prime factors of u(1)?
1481
Let c(b) = 8*b - 6. Let m be c(7). Suppose -2*p - 124 = -3*a, -p + a - m = 11. Let f = -32 - p. What are the prime factors of f?
3
Suppose 2*o = -3 + 11. Suppose z = 4 + 22. Suppose -f + z = o. List the prime factors of f.
2, 11
Let s(m) = 7*m**2 + m + 6. Let l be s(-5). Suppose -5*t = -l - 194. List the prime factors of t.
2, 37
Let t(m) = 276*m**3 - 4*m + 5. List the prime factors of t(1).
277
Let v(y) = -y**3 + 8*y**2 + 9*y - 15. Let h be v(6). Let p = 27 + h. What are the prime factors of p?
2, 3, 23
Suppose 3 - 33 = -6*a. Suppose 252 = 3*d - a*x, -3*x + 56 = d - 28. What are the prime factors of d?
2, 3, 7
Let s(v) = 45*v - 72. Let a be s(6). Suppose -3*r + a = 5*w - 213, -w + 4*r = -73. What are the prime factors of w?
3
Let p(d) = 13*d**3 - 10*d**3 + 7*d**2 - 4*d**3 - 17 - 3*d + 17*d. What are the prime factors of p(7)?
3
Let v(w) = -w + 7. Suppose 0 = 5*o - 6*o. Let n be v(o). Suppose -5*c = 3*u - 69, -n = -3*u + c + 62. List the prime factors of u.
23
Suppose 0*s = 5*s - 90. What are the prime factors of (-9)/s - (-75)/2?
37
Suppose 5*l - 5*q + q + 24 = 0, 4*q - 8 = 3*l. Let w = l - -13. Suppose -g + 5*u = -46, 8 - 3 = -w*u. What are the prime factors of g?
41
What are the prime factors of ((-6708)/(-104))/((3/38)/3)?
3, 19, 43
Let l = -15 + 18. Suppose 6*k - l*k = 135. List the prime factors of k.
3, 5
Suppose 4*f + 1073 = 5*f - 3*u, -5*f = 5*u - 5345. What are the prime factors of f?
2, 5, 107
Let k = -1033 - -1535. What are the prime factors of k?
2, 251
Let n be 4*12/64*284. Suppose 2*k = -2, 5*k + n = j + 3*k. List the prime factors of j.
211
Suppose -5*o + 266 + 498 = 3*d, 3*d + 3*o = 774. List the prime factors of d.
263
Suppose -259 = -6*h + h + k, -5*k + 213 = 4*h. Let s = h + 34. List the prime factors of s.
2, 43
Suppose 2*d = 5*y - 2*y - 8, 0 = y - 3*d + 9. Let o(v) = v**2 - 6*v + 1. Let r be o(y). Suppose 4*j + r = 33. List the prime factors of j.
2
Suppose -237*m + 250*m = 46046. List the prime factors of m.
2, 7, 11, 23
Let b be (44/(-6))/((-6)/(-9)). Let r = -7 - b. Suppose h = -3 + 1, r*p = -h + 46. What are the prime factors of p?
2, 3
What are the prime factors of 10 - 4 - (-2)/((-10)/(-9415))?
1889
Let r be ((-1)/1)/(12/12). Let x be -1*(-2 + r - -8). Let i(m) = -m + 5. What are the prime factors of i(x)?
2, 5
Suppose -16 - 83 = -3*t. Suppose 29 + t = q + f, 4*q - 252 = -2*f. What are the prime factors of q?
2
Let c(l) = 2*l**3 + 2*l + 2. Let o be c(4). Let z be (-54)/(-4) + 36/(-24). List the prime factors of (-1 - -3)*o/z.
23
Let q(f) = -14*f + 7. Let k be q(-5). Suppose k = 3*i - 88. What are the prime factors of i?
5, 11
Suppose 4403 = 44*r - 39*r + 3*b, 2*r - 4*b - 1756 = 0. List the prime factors of r.
2, 5, 11
Let o(l) be the first derivative of l**4/2 + 6*l**3 - l**2/2 - 8*l - 2. Let u be o(-9). What are the prime factors of (52 - 3) + (u - 1)?
7
Let w = 110 - 62. Suppose -p - 3*b = 40, -b - w = p - 0*b. Let m = 75 + p. What are the prime factors of m?
23
Let d be (-300)/(-21) + (-4)/14. Supp